{"id":610,"date":"2022-11-01T11:01:30","date_gmt":"2022-11-01T10:01:30","guid":{"rendered":"https:\/\/www.haupthoff.de\/cms\/?page_id=610"},"modified":"2023-01-26T13:27:00","modified_gmt":"2023-01-26T12:27:00","slug":"bewerbung","status":"publish","type":"page","link":"https:\/\/www.haupthoff.de\/cms\/karriere\/bewerbung\/","title":{"rendered":"Bewerbung"},"content":{"rendered":"<div class=\"wpb-content-wrapper\"><p>[vc_row type=&#8220;vc_default&#8220; full_width=&#8220;stretch_row_content&#8220; full_height=&#8220;yes&#8220; columns_placement=&#8220;top&#8220; equal_height=&#8220;yes&#8220; content_placement=&#8220;top&#8220; css=&#8220;.vc_custom_1672847051657{margin-top: 0px !important;margin-right: 0px !important;margin-bottom: 0px !important;margin-left: 0px !important;border-top-width: 0px !important;border-right-width: 0px !important;border-bottom-width: 0px !important;border-left-width: 0px !important;padding-top: 0px !important;padding-right: 0px !important;padding-bottom: 0px !important;padding-left: 0px !important;background-image: url(https:\/\/www.haupthoff.de\/cms\/wp-content\/uploads\/2022\/12\/22_HH_Back_0033_2000_800.jpg?id=1436) !important;background-position: center !important;background-repeat: no-repeat !important;background-size: cover !important;}&#8220;][vc_column css=&#8220;.vc_custom_1669646477930{margin: 0px !important;padding: 0px !important;border: 0px initial !important;}&#8220;][vc_row_inner][vc_column_inner offset=&#8220;vc_hidden-xs&#8220;][vc_empty_space height=&#8220;50px&#8220; css=&#8220;.vc_custom_1669646979517{margin: 0px !important;padding: 0px !important;border: 0px initial !important;}&#8220;][\/vc_column_inner][\/vc_row_inner][vc_row_inner css=&#8220;.vc_custom_1669646635039{margin-top: 0px !important;margin-bottom: 0px !important;padding-top: 0px !important;padding-bottom: 0px !important;}&#8220;][vc_column_inner width=&#8220;1\/12&#8243; offset=&#8220;vc_col-lg-6 vc_col-md-1 vc_hidden-xs&#8220; css=&#8220;.vc_custom_1672986026723{margin-top: 0px !important;margin-right: 0px !important;margin-bottom: 0px !important;margin-left: 0px !important;padding-top: 0px !important;padding-right: 0px !important;padding-bottom: 0px !important;padding-left: 0px !important;}&#8220;][vc_single_image image=&#8220;206&#8243; img_size=&#8220;90%&#8220;][\/vc_column_inner][vc_column_inner width=&#8220;5\/6&#8243; css=&#8220;.vc_custom_1672986039715{background-color: rgba(8,44,80,0.9) !important;*background-color: rgb(8,44,80) !important;}&#8220; offset=&#8220;vc_col-lg-5 vc_col-md-10 vc_col-xs-12&#8243;][vc_column_text css_animation=&#8220;none&#8220; css=&#8220;.vc_custom_1674736019675{padding-top: 40px !important;padding-right: 40px !important;padding-left: 40px !important;}&#8220;]<\/p>\n<h1><span style=\"color: #ffffff;\">Bewerbung<\/span><\/h1>\n<p>&nbsp;<\/p>\n<p><span style=\"color: #ffffff;\">Nutzen Sie das nachstehende Formular, um uns Ihre aussagekr\u00e4ftigen Bewerbungsunterlagen (Anschreiben, Lebenslauf sowie Ausbildungs- und Arbeitszeugnisse) mit Angaben zu Ihrem bevorzugten Eintrittstermin und Ihrer Gehaltsvorstellung zukommen zu lassen.<\/span><\/p>\n<p><span style=\"color: #ffffff;\">M\u00f6chten Sie Teil des Haupthoff Teams werden, haben aber kein passendes Angebot gefunden? Dann senden Sie gerne auch Ihre Initiativbewerbung \u00fcber das nachstehende Formular. Wir freuen uns, Sie kennenzulernen!<\/span>[\/vc_column_text]<style type=\"text\/css\" data-type=\"the7_shortcodes-inline-css\">.dt-shortcode-icon.icon-75da57151156c0a7d078b6e4e4b49acb {\n  min-width: 64px;\n  min-height: 64px;\n  font-size: 32px;\n  border-radius: 100px;\n}\n.dt-shortcode-icon.icon-75da57151156c0a7d078b6e4e4b49acb:last-child {\n  margin-right: 0;\n}\n.dt-shortcode-icon.icon-75da57151156c0a7d078b6e4e4b49acb .icon-inner {\n  margin: 0px;\n  min-width: 64px;\n  min-height: 64px;\n  border-radius: 100px;\n}\n.dt-shortcode-icon.icon-75da57151156c0a7d078b6e4e4b49acb .dt-hover-icon {\n  line-height: 64px;\n}\n.dt-shortcode-icon.icon-75da57151156c0a7d078b6e4e4b49acb:before,\n.dt-shortcode-icon.icon-75da57151156c0a7d078b6e4e4b49acb:after,\n.dt-shortcode-icon.icon-75da57151156c0a7d078b6e4e4b49acb .icon-inner:before,\n.dt-shortcode-icon.icon-75da57151156c0a7d078b6e4e4b49acb .icon-inner:after {\n  min-width: 100%;\n  min-height: 100%;\n  padding: inherit;\n  border-radius: inherit;\n}\n.dt-shortcode-icon.icon-75da57151156c0a7d078b6e4e4b49acb.dt-icon-border-on:before {\n  border-width: 0px;\n  border-style: solid;\n}\n.dt-icon-border-dashed.dt-shortcode-icon.icon-75da57151156c0a7d078b6e4e4b49acb.dt-icon-border-on:before {\n  border-style: dashed;\n}\n.dt-icon-border-dotted.dt-shortcode-icon.icon-75da57151156c0a7d078b6e4e4b49acb.dt-icon-border-on:before {\n  border-style: dotted;\n}\n.dt-icon-border-double.dt-shortcode-icon.icon-75da57151156c0a7d078b6e4e4b49acb.dt-icon-border-on:before {\n  border-style: double;\n}\n.dt-shortcode-icon.icon-75da57151156c0a7d078b6e4e4b49acb.dt-icon-hover-border-on:after {\n  border-width: 0px;\n  border-style: solid;\n}\n.dt-icon-border-dashed.dt-shortcode-icon.icon-75da57151156c0a7d078b6e4e4b49acb.dt-icon-hover-border-on:after {\n  border-style: dashed;\n}\n.dt-icon-border-dotted.dt-shortcode-icon.icon-75da57151156c0a7d078b6e4e4b49acb.dt-icon-hover-border-on:after {\n  border-style: dotted;\n}\n.dt-icon-border-double.dt-shortcode-icon.icon-75da57151156c0a7d078b6e4e4b49acb.dt-icon-hover-border-on:after {\n  border-style: double;\n}\n.dt-shortcode-icon.icon-75da57151156c0a7d078b6e4e4b49acb.dt-icon-hover-on:hover {\n  font-size: 32px;\n}\n#page .dt-shortcode-icon.icon-75da57151156c0a7d078b6e4e4b49acb.dt-icon-hover-on:hover .soc-font-icon,\n#phantom .dt-shortcode-icon.icon-75da57151156c0a7d078b6e4e4b49acb.dt-icon-hover-on:hover .soc-font-icon,\n#page .dt-shortcode-icon.icon-75da57151156c0a7d078b6e4e4b49acb.dt-icon-hover-on:hover .soc-icon,\n#phantom .dt-shortcode-icon.icon-75da57151156c0a7d078b6e4e4b49acb.dt-icon-hover-on:hover .soc-icon {\n  color: rgba(255,255,255,0.75);\n  background: none;\n}\n#page .dt-shortcode-icon.icon-75da57151156c0a7d078b6e4e4b49acb.dt-icon-hover-on:not(:hover) .soc-font-icon,\n#phantom .dt-shortcode-icon.icon-75da57151156c0a7d078b6e4e4b49acb.dt-icon-hover-on:not(:hover) .soc-font-icon,\n#page .dt-shortcode-icon.icon-75da57151156c0a7d078b6e4e4b49acb.dt-icon-hover-on:not(:hover) .soc-icon,\n#phantom .dt-shortcode-icon.icon-75da57151156c0a7d078b6e4e4b49acb.dt-icon-hover-on:not(:hover) .soc-icon,\n#page .dt-shortcode-icon.icon-75da57151156c0a7d078b6e4e4b49acb.dt-icon-hover-off .soc-font-icon,\n#phantom .dt-shortcode-icon.icon-75da57151156c0a7d078b6e4e4b49acb.dt-icon-hover-off .soc-font-icon,\n#page .dt-shortcode-icon.icon-75da57151156c0a7d078b6e4e4b49acb.dt-icon-hover-off .soc-icon,\n#phantom .dt-shortcode-icon.icon-75da57151156c0a7d078b6e4e4b49acb.dt-icon-hover-off .soc-icon {\n  color: #ffffff;\n  background: none;\n}\n.dt-shortcode-icon.icon-75da57151156c0a7d078b6e4e4b49acb .soc-font-icon,\n.dt-shortcode-icon.icon-75da57151156c0a7d078b6e4e4b49acb .soc-icon {\n  font-size: 32px;\n}\n<\/style><div class=\"dt-shortcode-icon-wrap  \"><a title=\"\" href=\"#TOP\" class=\"anchor-link the7-hide-icons icon-75da57151156c0a7d078b6e4e4b49acb dt-shortcode-icon dt-icon-bg-off dt-icon-hover-on dt-icon-hover-bg-off  vc_custom_1669392977383 \" ><span class=\"icon-inner\"><i class=\"dt-regular-icon soc-icon dt-icon-the7-hide-icons\"><\/i><i class=\"dt-hover-icon soc-icon dt-icon-the7-hide-icons\"><\/i><span class=\"screen-reader-text\"><\/span><\/span><\/a><\/div>[vc_empty_space height=&#8220;40px&#8220;][\/vc_column_inner][vc_column_inner width=&#8220;1\/12&#8243; offset=&#8220;vc_col-lg-1 vc_col-md-1 vc_hidden-xs&#8220;][\/vc_column_inner][\/vc_row_inner][vc_row_inner css=&#8220;.vc_custom_1669647086975{margin: 0px !important;padding: 0px !important;border: 0px initial !important;}&#8220;][vc_column_inner offset=&#8220;vc_hidden-xs&#8220;][vc_empty_space height=&#8220;50px&#8220; css=&#8220;.vc_custom_1669646979517{margin: 0px !important;padding: 0px !important;border: 0px initial !important;}&#8220;][\/vc_column_inner][\/vc_row_inner][\/vc_column][\/vc_row][vc_row][vc_column][vc_empty_space height=&#8220;50px&#8220;][\/vc_column][\/vc_row][vc_row type=&#8220;vc_default&#8220; gap=&#8220;35&#8243; content_placement=&#8220;top&#8220; css=&#8220;.vc_custom_1673618346093{margin-top: 0px !important;margin-right: 0px !important;margin-bottom: 0px !important;margin-left: 0px !important;border-top-width: 0px !important;border-right-width: 0px !important;border-bottom-width: 0px !important;border-left-width: 0px !important;padding-top: 0px !important;padding-right: 0px !important;padding-bottom: 0px !important;padding-left: 0px !important;}&#8220; el_id=&#8220;TOP&#8220;][vc_column css_animation=&#8220;none&#8220; css=&#8220;.vc_custom_1664207624049{margin-top: 0px !important;margin-right: 0px !important;margin-bottom: 0px !important;margin-left: 0px !important;border-top-width: 0px !important;border-right-width: 0px !important;border-bottom-width: 0px !important;border-left-width: 0px !important;padding-top: 0px !important;padding-right: 0px !important;padding-bottom: 0px !important;padding-left: 0px !important;}&#8220;][vc_column_text css=&#8220;.vc_custom_1673606763469{padding-top: 50px !important;padding-right: 0px !important;padding-bottom: 0px !important;padding-left: 0px !important;}&#8220;]<\/p>\n<h2 style=\"text-align: center;\"><span style=\"color: #082c50;\">Ihre Bewerbung<\/span><\/h2>\n<p>[\/vc_column_text][vc_empty_space height=&#8220;30px&#8220;][vc_row_inner equal_height=&#8220;yes&#8220; gap=&#8220;20&#8243;][vc_column_inner width=&#8220;1\/4&#8243; css=&#8220;.vc_custom_1673605968027{margin-top: 0px !important;margin-right: 0px !important;margin-bottom: 0px !important;margin-left: 0px !important;padding-top: 0px !important;padding-right: 0px !important;padding-bottom: 0px !important;padding-left: 0px !important;}&#8220; offset=&#8220;vc_col-lg-3 vc_col-md-12 vc_hidden-md vc_hidden-sm vc_hidden-xs&#8220;][\/vc_column_inner][vc_column_inner width=&#8220;1\/2&#8243; css=&#8220;.vc_custom_1673606007147{margin-top: 0px !important;margin-right: 0px !important;margin-bottom: 0px !important;margin-left: 0px !important;padding-top: 0px !important;padding-right: 0px !important;padding-bottom: 0px !important;padding-left: 0px !important;}&#8220; offset=&#8220;vc_col-lg-6 vc_col-md-12&#8243;][vc_column_text]\n<div class=\"wpcf7 no-js\" id=\"wpcf7-f18-o1\" lang=\"de-DE\" dir=\"ltr\" data-wpcf7-id=\"18\">\n<div class=\"screen-reader-response\"><p role=\"status\" aria-live=\"polite\" aria-atomic=\"true\"><\/p> <ul><\/ul><\/div>\n<form action=\"\/cms\/wp-json\/wp\/v2\/pages\/610#wpcf7-f18-o1\" method=\"post\" class=\"wpcf7-form init\" aria-label=\"Kontaktformular\" enctype=\"multipart\/form-data\" novalidate=\"novalidate\" data-status=\"init\">\n<fieldset class=\"hidden-fields-container\"><input type=\"hidden\" name=\"_wpcf7\" value=\"18\" \/><input type=\"hidden\" name=\"_wpcf7_version\" value=\"6.1.5\" \/><input type=\"hidden\" name=\"_wpcf7_locale\" value=\"de_DE\" \/><input type=\"hidden\" name=\"_wpcf7_unit_tag\" value=\"wpcf7-f18-o1\" \/><input type=\"hidden\" name=\"_wpcf7_container_post\" value=\"0\" \/><input type=\"hidden\" name=\"_wpcf7_posted_data_hash\" value=\"\" \/>\n<\/fieldset>\n<p><span class=\"wpcf7-form-control-wrap\" data-name=\"Datum\"><input class=\"wpcf7-form-control wpcf7-date wpcf7-validates-as-date\" aria-invalid=\"false\" value=\"2026-05-13\" type=\"date\" name=\"Datum\" \/><\/span>\n<\/p>\n<p><span class=\"wpcf7-form-control-wrap\" data-name=\"anrede\"><select class=\"wpcf7-form-control wpcf7-select\" aria-invalid=\"false\" name=\"anrede\"><option value=\"\">&#8211; Bitte ausw\u00e4hlen &#8211;<\/option><option value=\"Bewerbung als\">Bewerbung als<\/option><option value=\"Initiativbewerbung als\">Initiativbewerbung als<\/option><\/select><\/span>\n<\/p>\n<p><span class=\"wpcf7-form-control-wrap\" data-name=\"bewerbung\"><input size=\"40\" maxlength=\"400\" class=\"wpcf7-form-control wpcf7-text wpcf7-validates-as-required\" aria-required=\"true\" aria-invalid=\"false\" value=\"\" type=\"text\" name=\"bewerbung\" \/><\/span>\n<\/p>\n<p><b>Ihre Kontaktdaten<\/b>\n<\/p>\n<p>Anrede<br \/>\n<span class=\"wpcf7-form-control-wrap\" data-name=\"anrede\"><select class=\"wpcf7-form-control wpcf7-select\" aria-invalid=\"false\" name=\"anrede\"><option value=\"\">&#8211; Bitte ausw\u00e4hlen &#8211;<\/option><option value=\"Frau\">Frau<\/option><option value=\"Herr\">Herr<\/option><\/select><\/span>\n<\/p>\n<p>Vorname *\n<\/p>\n<p><span class=\"wpcf7-form-control-wrap\" data-name=\"vorname\"><input size=\"40\" maxlength=\"400\" class=\"wpcf7-form-control wpcf7-text wpcf7-validates-as-required\" aria-required=\"true\" aria-invalid=\"false\" value=\"\" type=\"text\" name=\"vorname\" \/><\/span>\n<\/p>\n<p>Nachname *\n<\/p>\n<p><span class=\"wpcf7-form-control-wrap\" data-name=\"your-name\"><input size=\"40\" maxlength=\"400\" class=\"wpcf7-form-control wpcf7-text wpcf7-validates-as-required\" aria-required=\"true\" aria-invalid=\"false\" value=\"\" type=\"text\" name=\"your-name\" \/><\/span>\n<\/p>\n<p>Email *\n<\/p>\n<p><span class=\"wpcf7-form-control-wrap\" data-name=\"mail\"><input size=\"40\" maxlength=\"400\" class=\"wpcf7-form-control wpcf7-email wpcf7-validates-as-required wpcf7-text wpcf7-validates-as-email\" aria-required=\"true\" aria-invalid=\"false\" value=\"\" type=\"email\" name=\"mail\" \/><\/span>\n<\/p>\n<p>R\u00fcckrufnummer *\n<\/p>\n<p><span class=\"wpcf7-form-control-wrap\" data-name=\"telefon\"><input size=\"40\" maxlength=\"400\" class=\"wpcf7-form-control wpcf7-text wpcf7-validates-as-required\" aria-required=\"true\" aria-invalid=\"false\" value=\"\" type=\"text\" name=\"telefon\" \/><\/span>\n<\/p>\n<p>Zus\u00e4tzliche Informationen\n<\/p>\n<p><span class=\"wpcf7-form-control-wrap\" data-name=\"ZustzlicheInformationen\"><textarea cols=\"40\" rows=\"10\" maxlength=\"2000\" class=\"wpcf7-form-control wpcf7-textarea\" aria-invalid=\"false\" name=\"ZustzlicheInformationen\"><\/textarea><\/span>\n<\/p>\n<p>Bitte laden Sie nachstehend Ihre Unterlagen hoch\n<\/p>\n<p><span class=\"wpcf7-form-control-wrap\" data-name=\"Datei1\"><input size=\"40\" class=\"wpcf7-form-control wpcf7-file\" accept=\".pdf,.jpg,.doc,.docx\" aria-invalid=\"false\" type=\"file\" name=\"Datei1\" \/><\/span>\n<\/p>\n<p><span class=\"wpcf7-form-control-wrap\" data-name=\"Datei2\"><input size=\"40\" class=\"wpcf7-form-control wpcf7-file\" accept=\".pdf,.jpg,.doc,.docx\" aria-invalid=\"false\" type=\"file\" name=\"Datei2\" \/><\/span>\n<\/p>\n<p><span class=\"wpcf7-form-control-wrap\" data-name=\"Datei3\"><input size=\"40\" class=\"wpcf7-form-control wpcf7-file\" accept=\".pdf,.jpg,.doc,.docx\" aria-invalid=\"false\" type=\"file\" name=\"Datei3\" \/><\/span>\n<\/p>\n<p><b>Datenschutzrechtliche Einwilligungserkl\u00e4rung<\/b>\n<\/p>\n<p>Mit der Erhebung, Verarbeitung und Nutzung meiner personenbezogenen Daten durch Egon Haupthoff GmbH & Co. KG zum Zweck der Auftragsbearbeitung, Information und Beratung erkl\u00e4re ich mich einverstanden. Ich kann mein Einverst\u00e4ndnis jederzeit ohne Angabe von Gr\u00fcnden widerrufen. <a href=\"https:\/\/www.haupthoff.de\/cms\/kontakt\/datenschutz\/\" <span alt=\"text\">(Zur Datenschutzerkl\u00e4rung.)<\/a>\n<\/p>\n<p>Ja, die Informationen zur Verwendung meiner Daten (Datenschutzerkl\u00e4rung) habe ich gelesen und bin damit einverstanden. * <span class=\"wpcf7-form-control-wrap\" data-name=\"acceptance-770\"><span class=\"wpcf7-form-control wpcf7-acceptance\"><span class=\"wpcf7-list-item\"><input type=\"checkbox\" name=\"acceptance-770\" value=\"1\" aria-invalid=\"false\" \/><\/span><\/span><\/span>\n<\/p>\n<p><input class=\"wpcf7-form-control wpcf7-submit has-spinner fusion-button button-xlarge button-darkgray button\" type=\"submit\" value=\"BEWERBUNG ABSENDEN\" \/>\n<\/p><div class=\"wpcf7-response-output\" aria-hidden=\"true\"><\/div>\n<\/form>\n<\/div>\n[\/vc_column_text][\/vc_column_inner][vc_column_inner width=&#8220;1\/4&#8243; offset=&#8220;vc_col-lg-3 vc_hidden-md vc_hidden-sm vc_hidden-xs&#8220; css=&#8220;.vc_custom_1673606015771{margin: 0px !important;padding: 0px !important;}&#8220;][\/vc_column_inner][\/vc_row_inner][vc_empty_space height=&#8220;50px&#8220;][\/vc_column][\/vc_row][vc_row][vc_column][vc_empty_space height=&#8220;100px&#8220;][\/vc_column][\/vc_row]<\/p>\n<\/div>","protected":false},"excerpt":{"rendered":"<p>[vc_row type=&#8220;vc_default&#8220; full_width=&#8220;stretch_row_content&#8220; full_height=&#8220;yes&#8220; columns_placement=&#8220;top&#8220; equal_height=&#8220;yes&#8220; content_placement=&#8220;top&#8220; css=&#8220;.vc_custom_1672847051657{margin-top: 0px !important;margin-right: 0px !important;margin-bottom: 0px !important;margin-left: 0px !important;border-top-width: 0px !important;border-right-width: 0px !important;border-bottom-width: 0px !important;border-left-width: 0px !important;padding-top: 0px !important;padding-right: 0px !important;padding-bottom: 0px !important;padding-left: 0px !important;background-image: url(https:\/\/www.haupthoff.de\/cms\/wp-content\/uploads\/2022\/12\/22_HH_Back_0033_2000_800.jpg?id=1436) !important;background-position: center !important;background-repeat: no-repeat !important;background-size: cover !important;}&#8220;][vc_column css=&#8220;.vc_custom_1669646477930{margin: 0px !important;padding: 0px !important;border: 0px initial !important;}&#8220;][vc_row_inner][vc_column_inner offset=&#8220;vc_hidden-xs&#8220;][vc_empty_space height=&#8220;50px&#8220; css=&#8220;.vc_custom_1669646979517{margin: 0px !important;padding: 0px !important;border:&hellip;<\/p>\n","protected":false},"author":1,"featured_media":0,"parent":42,"menu_order":401,"comment_status":"closed","ping_status":"closed","template":"","meta":{"footnotes":""},"class_list":["post-610","page","type-page","status-publish","hentry","description-off"],"_links":{"self":[{"href":"https:\/\/www.haupthoff.de\/cms\/wp-json\/wp\/v2\/pages\/610","targetHints":{"allow":["GET"]}}],"collection":[{"href":"https:\/\/www.haupthoff.de\/cms\/wp-json\/wp\/v2\/pages"}],"about":[{"href":"https:\/\/www.haupthoff.de\/cms\/wp-json\/wp\/v2\/types\/page"}],"author":[{"embeddable":true,"href":"https:\/\/www.haupthoff.de\/cms\/wp-json\/wp\/v2\/users\/1"}],"replies":[{"embeddable":true,"href":"https:\/\/www.haupthoff.de\/cms\/wp-json\/wp\/v2\/comments?post=610"}],"version-history":[{"count":57,"href":"https:\/\/www.haupthoff.de\/cms\/wp-json\/wp\/v2\/pages\/610\/revisions"}],"predecessor-version":[{"id":2413,"href":"https:\/\/www.haupthoff.de\/cms\/wp-json\/wp\/v2\/pages\/610\/revisions\/2413"}],"up":[{"embeddable":true,"href":"https:\/\/www.haupthoff.de\/cms\/wp-json\/wp\/v2\/pages\/42"}],"wp:attachment":[{"href":"https:\/\/www.haupthoff.de\/cms\/wp-json\/wp\/v2\/media?parent=610"}],"curies":[{"name":"wp","href":"https:\/\/api.w.org\/{rel}","templated":true}]}}