{"id":46,"date":"2022-09-26T13:49:22","date_gmt":"2022-09-26T11:49:22","guid":{"rendered":"https:\/\/www.haupthoff.de\/cms\/?page_id=46"},"modified":"2025-09-05T06:48:01","modified_gmt":"2025-09-05T04:48:01","slug":"kontakt","status":"publish","type":"page","link":"https:\/\/www.haupthoff.de\/cms\/kontakt\/","title":{"rendered":"Kontakt"},"content":{"rendered":"<div class=\"wpb-content-wrapper\"><p>[vc_row type=&#8220;vc_default&#8220; full_width=&#8220;stretch_row_content&#8220; full_height=&#8220;yes&#8220; columns_placement=&#8220;top&#8220; equal_height=&#8220;yes&#8220; content_placement=&#8220;top&#8220; css=&#8220;.vc_custom_1671554814211{margin-top: 0px !important;margin-right: 0px !important;margin-bottom: 0px !important;margin-left: 0px !important;border-top-width: 0px !important;border-right-width: 0px !important;border-bottom-width: 0px !important;border-left-width: 0px !important;padding-top: 0px !important;padding-right: 0px !important;padding-bottom: 0px !important;padding-left: 0px !important;background-image: url(https:\/\/www.haupthoff.de\/cms\/wp-content\/uploads\/2022\/12\/22_HH_Back_0033_2000_800.jpg?id=1436) !important;background-position: center !important;background-repeat: no-repeat !important;background-size: cover !important;}&#8220;][vc_column css=&#8220;.vc_custom_1669646477930{margin: 0px !important;padding: 0px !important;border: 0px initial !important;}&#8220;][vc_row_inner][vc_column_inner offset=&#8220;vc_hidden-xs&#8220;][vc_empty_space height=&#8220;50px&#8220; css=&#8220;.vc_custom_1669646979517{margin: 0px !important;padding: 0px !important;border: 0px initial !important;}&#8220;][\/vc_column_inner][\/vc_row_inner][vc_row_inner css=&#8220;.vc_custom_1669646635039{margin-top: 0px !important;margin-bottom: 0px !important;padding-top: 0px !important;padding-bottom: 0px !important;}&#8220;][vc_column_inner width=&#8220;1\/12&#8243; offset=&#8220;vc_col-lg-6 vc_col-md-1 vc_hidden-xs&#8220; css=&#8220;.vc_custom_1673020807460{margin-top: 0px !important;margin-right: 0px !important;margin-bottom: 0px !important;margin-left: 0px !important;padding-top: 0px !important;padding-right: 0px !important;padding-bottom: 0px !important;padding-left: 0px !important;}&#8220;][vc_single_image image=&#8220;206&#8243; img_size=&#8220;90%&#8220;][\/vc_column_inner][vc_column_inner width=&#8220;5\/6&#8243; css=&#8220;.vc_custom_1673020828884{background-color: rgba(8,44,80,0.9) !important;*background-color: rgb(8,44,80) !important;}&#8220; offset=&#8220;vc_col-lg-5 vc_col-md-10 vc_col-xs-12&#8243;][vc_column_text css_animation=&#8220;fadeIn&#8220; css=&#8220;.vc_custom_1676292785080{padding-top: 40px !important;padding-right: 40px !important;padding-left: 40px !important;}&#8220;]<\/p>\n<h1><span style=\"color: #ffffff;\">Kontakt<\/span><\/h1>\n<p>&nbsp;<\/p>\n<p><span style=\"color: #ffffff;\">Seit \u00fcber 65 Jahren steht der Name Haupthoff f\u00fcr hochwertige Baustoffe und einen zuverl\u00e4ssigen Service. Sie haben Fragen zu Produkten oder Serviceleistungen? Dann kontaktieren Sie uns gerne telefonisch oder via E-Mail und besuchen Sie unsere modern gestalteten Ausstellungsr\u00e4ume in Heiligenstedten \u2013 wir beraten Sie gerne!<\/span><\/p>\n<p><span style=\"color: #ffffff;\">Besuchen Sie auch gerne unsere Ausstellungen im Innen- und Au\u00dfenbereich in Heiligenstedten.<\/span>[\/vc_column_text]<style type=\"text\/css\" data-type=\"the7_shortcodes-inline-css\">.dt-shortcode-icon.icon-75da57151156c0a7d078b6e4e4b49acb {\n  min-width: 64px;\n  min-height: 64px;\n  font-size: 32px;\n  border-radius: 100px;\n}\n.dt-shortcode-icon.icon-75da57151156c0a7d078b6e4e4b49acb:last-child {\n  margin-right: 0;\n}\n.dt-shortcode-icon.icon-75da57151156c0a7d078b6e4e4b49acb .icon-inner {\n  margin: 0px;\n  min-width: 64px;\n  min-height: 64px;\n  border-radius: 100px;\n}\n.dt-shortcode-icon.icon-75da57151156c0a7d078b6e4e4b49acb .dt-hover-icon {\n  line-height: 64px;\n}\n.dt-shortcode-icon.icon-75da57151156c0a7d078b6e4e4b49acb:before,\n.dt-shortcode-icon.icon-75da57151156c0a7d078b6e4e4b49acb:after,\n.dt-shortcode-icon.icon-75da57151156c0a7d078b6e4e4b49acb .icon-inner:before,\n.dt-shortcode-icon.icon-75da57151156c0a7d078b6e4e4b49acb .icon-inner:after {\n  min-width: 100%;\n  min-height: 100%;\n  padding: inherit;\n  border-radius: inherit;\n}\n.dt-shortcode-icon.icon-75da57151156c0a7d078b6e4e4b49acb.dt-icon-border-on:before {\n  border-width: 0px;\n  border-style: solid;\n}\n.dt-icon-border-dashed.dt-shortcode-icon.icon-75da57151156c0a7d078b6e4e4b49acb.dt-icon-border-on:before {\n  border-style: dashed;\n}\n.dt-icon-border-dotted.dt-shortcode-icon.icon-75da57151156c0a7d078b6e4e4b49acb.dt-icon-border-on:before {\n  border-style: dotted;\n}\n.dt-icon-border-double.dt-shortcode-icon.icon-75da57151156c0a7d078b6e4e4b49acb.dt-icon-border-on:before {\n  border-style: double;\n}\n.dt-shortcode-icon.icon-75da57151156c0a7d078b6e4e4b49acb.dt-icon-hover-border-on:after {\n  border-width: 0px;\n  border-style: solid;\n}\n.dt-icon-border-dashed.dt-shortcode-icon.icon-75da57151156c0a7d078b6e4e4b49acb.dt-icon-hover-border-on:after {\n  border-style: dashed;\n}\n.dt-icon-border-dotted.dt-shortcode-icon.icon-75da57151156c0a7d078b6e4e4b49acb.dt-icon-hover-border-on:after {\n  border-style: dotted;\n}\n.dt-icon-border-double.dt-shortcode-icon.icon-75da57151156c0a7d078b6e4e4b49acb.dt-icon-hover-border-on:after {\n  border-style: double;\n}\n.dt-shortcode-icon.icon-75da57151156c0a7d078b6e4e4b49acb.dt-icon-hover-on:hover {\n  font-size: 32px;\n}\n#page .dt-shortcode-icon.icon-75da57151156c0a7d078b6e4e4b49acb.dt-icon-hover-on:hover .soc-font-icon,\n#phantom .dt-shortcode-icon.icon-75da57151156c0a7d078b6e4e4b49acb.dt-icon-hover-on:hover .soc-font-icon,\n#page .dt-shortcode-icon.icon-75da57151156c0a7d078b6e4e4b49acb.dt-icon-hover-on:hover .soc-icon,\n#phantom .dt-shortcode-icon.icon-75da57151156c0a7d078b6e4e4b49acb.dt-icon-hover-on:hover .soc-icon {\n  color: rgba(255,255,255,0.75);\n  background: none;\n}\n#page .dt-shortcode-icon.icon-75da57151156c0a7d078b6e4e4b49acb.dt-icon-hover-on:not(:hover) .soc-font-icon,\n#phantom .dt-shortcode-icon.icon-75da57151156c0a7d078b6e4e4b49acb.dt-icon-hover-on:not(:hover) .soc-font-icon,\n#page .dt-shortcode-icon.icon-75da57151156c0a7d078b6e4e4b49acb.dt-icon-hover-on:not(:hover) .soc-icon,\n#phantom .dt-shortcode-icon.icon-75da57151156c0a7d078b6e4e4b49acb.dt-icon-hover-on:not(:hover) .soc-icon,\n#page .dt-shortcode-icon.icon-75da57151156c0a7d078b6e4e4b49acb.dt-icon-hover-off .soc-font-icon,\n#phantom .dt-shortcode-icon.icon-75da57151156c0a7d078b6e4e4b49acb.dt-icon-hover-off .soc-font-icon,\n#page .dt-shortcode-icon.icon-75da57151156c0a7d078b6e4e4b49acb.dt-icon-hover-off .soc-icon,\n#phantom .dt-shortcode-icon.icon-75da57151156c0a7d078b6e4e4b49acb.dt-icon-hover-off .soc-icon {\n  color: #ffffff;\n  background: none;\n}\n.dt-shortcode-icon.icon-75da57151156c0a7d078b6e4e4b49acb .soc-font-icon,\n.dt-shortcode-icon.icon-75da57151156c0a7d078b6e4e4b49acb .soc-icon {\n  font-size: 32px;\n}\n<\/style><div class=\"dt-shortcode-icon-wrap  \"><a title=\"\" href=\"#TOP\" class=\"anchor-link the7-hide-icons icon-75da57151156c0a7d078b6e4e4b49acb dt-shortcode-icon dt-icon-bg-off dt-icon-hover-on dt-icon-hover-bg-off  vc_custom_1669392977383 \" ><span class=\"icon-inner\"><i class=\"dt-regular-icon soc-icon dt-icon-the7-hide-icons\"><\/i><i class=\"dt-hover-icon soc-icon dt-icon-the7-hide-icons\"><\/i><span class=\"screen-reader-text\"><\/span><\/span><\/a><\/div>[vc_empty_space height=&#8220;40px&#8220;][\/vc_column_inner][vc_column_inner width=&#8220;1\/12&#8243; offset=&#8220;vc_col-lg-1 vc_col-md-1 vc_hidden-xs&#8220;][\/vc_column_inner][\/vc_row_inner][vc_row_inner css=&#8220;.vc_custom_1669647086975{margin: 0px !important;padding: 0px !important;border: 0px initial !important;}&#8220;][vc_column_inner offset=&#8220;vc_hidden-xs&#8220;][vc_empty_space height=&#8220;50px&#8220; css=&#8220;.vc_custom_1669646979517{margin: 0px !important;padding: 0px !important;border: 0px initial !important;}&#8220;][\/vc_column_inner][\/vc_row_inner][\/vc_column][\/vc_row][vc_row][vc_column][vc_empty_space height=&#8220;50px&#8220;][\/vc_column][\/vc_row][vc_row type=&#8220;vc_default&#8220; gap=&#8220;35&#8243; content_placement=&#8220;top&#8220; disable_element=&#8220;yes&#8220; css=&#8220;.vc_custom_1676012506090{margin-top: 0px !important;margin-right: 0px !important;margin-bottom: 0px !important;margin-left: 0px !important;border-top-width: 0px !important;border-right-width: 0px !important;border-bottom-width: 0px !important;border-left-width: 0px !important;padding-top: 0px !important;padding-right: 0px !important;padding-bottom: 0px !important;padding-left: 0px !important;}&#8220; el_id=&#8220;TOP&#8220;][vc_column css_animation=&#8220;none&#8220; css=&#8220;.vc_custom_1664207624049{margin-top: 0px !important;margin-right: 0px !important;margin-bottom: 0px !important;margin-left: 0px !important;border-top-width: 0px !important;border-right-width: 0px !important;border-bottom-width: 0px !important;border-left-width: 0px !important;padding-top: 0px !important;padding-right: 0px !important;padding-bottom: 0px !important;padding-left: 0px !important;}&#8220;][vc_column_text css=&#8220;.vc_custom_1667217386141{padding-top: 50px !important;padding-right: 0px !important;padding-bottom: 0px !important;padding-left: 0px !important;}&#8220;]<\/p>\n<h2 style=\"text-align: center;\"><span style=\"color: #082c50;\">Kontaktdaten &amp; \u00d6ffnungszeiten<\/span><\/h2>\n<p>[\/vc_column_text][vc_empty_space height=&#8220;50px&#8220;][vc_row_inner disable_element=&#8220;yes&#8220;][vc_column_inner offset=&#8220;vc_col-lg-2 vc_col-md-12&#8243;][vc_column_text]<\/p>\n<h3>Egon Haupthoff<br \/>\nGmbH &amp; Co. KG<\/h3>\n<p>[\/vc_column_text][\/vc_column_inner][vc_column_inner width=&#8220;1\/3&#8243; offset=&#8220;vc_col-lg-2 vc_col-md-4&#8243;][vc_column_text]Anschrift<br \/>\nJuliankadamm 20<br \/>\n25524 Heiligenstedten[\/vc_column_text][\/vc_column_inner][vc_column_inner width=&#8220;1\/3&#8243; offset=&#8220;vc_col-lg-2 vc_col-md-4&#8243;][\/vc_column_inner][vc_column_inner width=&#8220;1\/3&#8243; offset=&#8220;vc_col-lg-2 vc_col-md-4&#8243;][vc_column_text]Telefax Zentrale<br \/>\n04821 \/ 175 &#8211; 400[\/vc_column_text][\/vc_column_inner][vc_column_inner width=&#8220;1\/3&#8243; offset=&#8220;vc_col-lg-2 vc_col-md-4&#8243;][vc_column_text]Email<br \/>\ninfo@haupthoff.de[\/vc_column_text][\/vc_column_inner][vc_column_inner width=&#8220;1\/3&#8243; offset=&#8220;vc_col-lg-2 vc_col-md-4&#8243;][vc_column_text]Internet<br \/>\nwww.haupthoff.de[\/vc_column_text][\/vc_column_inner][\/vc_row_inner][vc_empty_space height=&#8220;30px&#8220;][vc_row_inner][vc_column_inner offset=&#8220;vc_col-lg-2 vc_col-md-12&#8243;][vc_column_text]<\/p>\n<h3>\u00d6ffnungszeiten<\/h3>\n<p>[\/vc_column_text][\/vc_column_inner][vc_column_inner width=&#8220;1\/3&#8243; offset=&#8220;vc_col-lg-2 vc_col-md-4&#8243;][vc_column_text]Baufachzentrum<\/p>\n<p>Montag &#8211; Freitag<br \/>\n06.30 &#8211; 17.00 Uhr<\/p>\n<p>Samstag<br \/>\n07.00 &#8211; 12.00 Uhr[\/vc_column_text][\/vc_column_inner][vc_column_inner width=&#8220;1\/3&#8243; offset=&#8220;vc_col-lg-2 vc_col-md-4&#8243;][vc_column_text]Ausstellungen<\/p>\n<p>Montag &#8211; Freitag<br \/>\n06.30 &#8211; 17.00 Uhr<\/p>\n<p>Samstag<br \/>\n07.00 &#8211; 12.00 Uhr[\/vc_column_text][\/vc_column_inner][vc_column_inner offset=&#8220;vc_col-lg-6 vc_col-md-12 vc_hidden-sm vc_hidden-xs&#8220;][\/vc_column_inner][\/vc_row_inner][vc_column_text]<\/p>\n<h3>Egon Haupthoff GmbH &amp; Co. KG<\/h3>\n<p>[\/vc_column_text][vc_row_inner][vc_column_inner offset=&#8220;vc_col-lg-2 vc_col-md-12&#8243;][vc_column_text]Anschrift<br \/>\nJuliankadamm 20<br \/>\n25524 Heiligenstedten[\/vc_column_text][\/vc_column_inner][vc_column_inner width=&#8220;1\/3&#8243; offset=&#8220;vc_col-lg-2 vc_col-md-4&#8243;][vc_column_text]Email<br \/>\ninfo@haupthoff.de[\/vc_column_text][vc_column_text]Internet<br \/>\nwww.haupthoff.de[\/vc_column_text][\/vc_column_inner][vc_column_inner width=&#8220;1\/3&#8243; offset=&#8220;vc_col-lg-2 vc_col-md-4&#8243;][vc_column_text]Telefon Zentrale<br \/>\n04821 \/ 175 &#8211; 0[\/vc_column_text][vc_column_text]Telefax Zentrale<br \/>\n04821 \/ 175 &#8211; 400[\/vc_column_text][\/vc_column_inner][vc_column_inner offset=&#8220;vc_col-lg-6 vc_col-md-12 vc_hidden-sm vc_hidden-xs&#8220;]<style type=\"text\/css\" data-type=\"the7_shortcodes-inline-css\">.shortcode-single-image-wrap.shortcode-single-image-a842d35f0f3d3d62ba59f34e29b95655.enable-bg-rollover .rollover i,\n.shortcode-single-image-wrap.shortcode-single-image-a842d35f0f3d3d62ba59f34e29b95655.enable-bg-rollover .rollover-video i {\n  background: -webkit-linear-gradient();\n  background: linear-gradient();\n}\n.shortcode-single-image-wrap.shortcode-single-image-a842d35f0f3d3d62ba59f34e29b95655 .rollover-icon {\n  font-size: 32px;\n  color: #ffffff;\n  min-width: 44px;\n  min-height: 44px;\n  line-height: 44px;\n  border-radius: 100px;\n  border-style: solid;\n  border-width: 0px;\n}\n.dt-icon-bg-on.shortcode-single-image-wrap.shortcode-single-image-a842d35f0f3d3d62ba59f34e29b95655 .rollover-icon {\n  background: rgba(255,255,255,0.3);\n  box-shadow: none;\n}\n<\/style><div class=\"shortcode-single-image-wrap shortcode-single-image-a842d35f0f3d3d62ba59f34e29b95655 alignnone fadeIn animate-element  enable-bg-rollover dt-icon-bg-off\" style=\"margin-top:0px; margin-bottom:0px; margin-left:0px; margin-right:0px;\"><div class=\"shortcode-single-image\"><div class=\"fancy-media-wrap  layzr-bg\" style=\"\"><img fetchpriority=\"high\" decoding=\"async\" class=\"preload-me lazy-load aspect\" src=\"data:image\/svg+xml,%3Csvg%20xmlns%3D&#39;http%3A%2F%2Fwww.w3.org%2F2000%2Fsvg&#39;%20viewBox%3D&#39;0%200%201000%20500&#39;%2F%3E\" data-src=\"https:\/\/www.haupthoff.de\/cms\/wp-content\/uploads\/2022\/12\/22_HH_Ausstellung_Aussen_0011_1000_500.jpg\" data-srcset=\"https:\/\/www.haupthoff.de\/cms\/wp-content\/uploads\/2022\/12\/22_HH_Ausstellung_Aussen_0011_1000_500.jpg 1000w\" loading=\"eager\" sizes=\"(max-width: 1000px) 100vw, 1000px\" width=\"1000\" height=\"500\"  data-dt-location=\"https:\/\/www.haupthoff.de\/cms\/22_hh_ausstellung_aussen_0011_1000_500\/\" style=\"--ratio: 1000 \/ 500;\" alt=\"\" \/><\/div><\/div><\/div>[\/vc_column_inner][\/vc_row_inner][\/vc_column][\/vc_row][vc_row type=&#8220;vc_default&#8220; gap=&#8220;35&#8243; content_placement=&#8220;top&#8220; css=&#8220;.vc_custom_1676012519417{margin-top: 0px !important;margin-right: 0px !important;margin-bottom: 0px !important;margin-left: 0px !important;border-top-width: 0px !important;border-right-width: 0px !important;border-bottom-width: 0px !important;border-left-width: 0px !important;padding-top: 0px !important;padding-right: 0px !important;padding-bottom: 0px !important;padding-left: 0px !important;}&#8220; el_id=&#8220;TOP&#8220;][vc_column css_animation=&#8220;none&#8220; css=&#8220;.vc_custom_1664207624049{margin-top: 0px !important;margin-right: 0px !important;margin-bottom: 0px !important;margin-left: 0px !important;border-top-width: 0px !important;border-right-width: 0px !important;border-bottom-width: 0px !important;border-left-width: 0px !important;padding-top: 0px !important;padding-right: 0px !important;padding-bottom: 0px !important;padding-left: 0px !important;}&#8220;][vc_column_text css=&#8220;.vc_custom_1667217386141{padding-top: 50px !important;padding-right: 0px !important;padding-bottom: 0px !important;padding-left: 0px !important;}&#8220;]<\/p>\n<h2 style=\"text-align: center;\"><span style=\"color: #082c50;\">Kontaktdaten &amp; \u00d6ffnungszeiten<\/span><\/h2>\n<p>[\/vc_column_text][vc_empty_space height=&#8220;50px&#8220;][\/vc_column][\/vc_row][vc_row type=&#8220;vc_default&#8220; gap=&#8220;35&#8243; content_placement=&#8220;top&#8220; css=&#8220;.vc_custom_1676480131072{margin-top: 0px !important;margin-right: 0px !important;margin-bottom: 0px !important;margin-left: 0px !important;border-top-width: 0px !important;border-right-width: 0px !important;border-bottom-width: 0px !important;border-left-width: 0px !important;padding-top: 0px !important;padding-right: 0px !important;padding-bottom: 0px !important;padding-left: 0px !important;}&#8220;][vc_column css_animation=&#8220;none&#8220; width=&#8220;1\/2&#8243; css=&#8220;.vc_custom_1676012632898{margin: 0px !important;padding: 0px !important;}&#8220;][vc_column_text]<\/p>\n<h3>Egon Haupthoff GmbH &amp; Co. KG<\/h3>\n<p>[\/vc_column_text][vc_row_inner][vc_column_inner width=&#8220;1\/2&#8243; offset=&#8220;vc_col-lg-4 vc_col-md-6&#8243;][vc_column_text]Anschrift<br \/>\nJuliankadamm 20<br \/>\n25524 Heiligenstedten[\/vc_column_text][\/vc_column_inner][vc_column_inner width=&#8220;1\/2&#8243; offset=&#8220;vc_col-lg-4 vc_col-md-6&#8243;][vc_column_text]Email<br \/>\ninfo@haupthoff.de[\/vc_column_text][vc_column_text]Internet<br \/>\nwww.haupthoff.de[\/vc_column_text][\/vc_column_inner][vc_column_inner width=&#8220;1\/2&#8243; offset=&#8220;vc_col-lg-4 vc_col-md-6&#8243;][vc_column_text]Telefon Zentrale<br \/>\n04821 \/ 175 &#8211; 0[\/vc_column_text][vc_column_text]Telefax Zentrale<br \/>\n04821 \/ 175 &#8211; 400[\/vc_column_text][\/vc_column_inner][\/vc_row_inner][\/vc_column][vc_column width=&#8220;1\/2&#8243; css=&#8220;.vc_custom_1676012609984{margin: 0px !important;padding: 0px !important;border: 0px initial !important;}&#8220;][vc_column_text]<\/p>\n<h3>\u00d6ffnungszeiten<\/h3>\n<p>[\/vc_column_text][vc_row_inner][vc_column_inner width=&#8220;1\/2&#8243; offset=&#8220;vc_col-lg-4 vc_col-md-6&#8243;][vc_column_text css=&#8220;&#8220;]Baufachzentrum<\/p>\n<p>Montag &#8211; Freitag<br \/>\n06.30 &#8211; 17.00 Uhr[\/vc_column_text][\/vc_column_inner][vc_column_inner width=&#8220;1\/2&#8243; offset=&#8220;vc_col-lg-4 vc_col-md-6&#8243;][vc_column_text css=&#8220;&#8220;]Ausstellungen<\/p>\n<p>Montag &#8211; Freitag<br \/>\n06.30 &#8211; 17.00 Uhr<\/p>\n<p>Samstag<br \/>\nTermine nach Vereinbarung[\/vc_column_text][\/vc_column_inner][vc_column_inner width=&#8220;1\/2&#8243; offset=&#8220;vc_col-lg-4 vc_col-md-6&#8243;][\/vc_column_inner][\/vc_row_inner][vc_column_text css=&#8220;&#8220;]Bitte beachten Sie, dass samstags nur die Ausstellungen ge\u00f6ffnet sind.<br \/>\nAbholungen von Ware ist nur \u00fcber die Abholstation m\u00f6glich (siehe unten).<\/p>\n<p><strong>Ben\u00f6tigen Sie eine Beratung au\u00dferhalb unserer \u00d6ffnungszeiten?<\/strong><br \/>\nKein Problem! Dann vereinbaren Sie einfach einen individuellen Beratungstermin bei Ihrem Berater \/ Ihrer Beraterin oder unter per Mail via info@haupthoff.de.<\/p>\n<p><strong>M\u00f6chten Sie Ware au\u00dferhalb unserer \u00d6ffnungszeiten abholen?<\/strong><br \/>\nAuch kein Problem! Dann nutzen Sie die Haupthoff <a href=\"https:\/\/www.haupthoff.de\/cms\/service\/abholstation\/\">Abholstation<\/a>! In dieser lagern wir Ihre fertig kommissionierte Bestellung, sodass Sie diese 24\/7 bei uns abholen k\u00f6nnen.[\/vc_column_text][\/vc_column][\/vc_row][vc_row type=&#8220;vc_default&#8220; gap=&#8220;35&#8243; content_placement=&#8220;top&#8220; disable_element=&#8220;yes&#8220; css=&#8220;.vc_custom_1676480122739{margin-top: 0px !important;margin-right: 0px !important;margin-bottom: 0px !important;margin-left: 0px !important;border-top-width: 0px !important;border-right-width: 0px !important;border-bottom-width: 0px !important;border-left-width: 0px !important;padding-top: 0px !important;padding-right: 0px !important;padding-bottom: 0px !important;padding-left: 0px !important;}&#8220;][vc_column css_animation=&#8220;none&#8220; css=&#8220;.vc_custom_1676465968277{margin-top: 0px !important;margin-right: 0px !important;margin-bottom: 0px !important;margin-left: 0px !important;padding-top: 0px !important;padding-right: 0px !important;padding-bottom: 0px !important;padding-left: 0px !important;}&#8220; offset=&#8220;vc_col-lg-4 vc_col-md-12&#8243;][vc_column_text]<\/p>\n<h3>Egon Haupthoff GmbH &amp; Co. KG<\/h3>\n<p>[\/vc_column_text][vc_row_inner][vc_column_inner width=&#8220;1\/2&#8243; offset=&#8220;vc_col-lg-6 vc_col-md-6&#8243;][vc_column_text]Anschrift<br \/>\nJuliankadamm 20<br \/>\n25524 Heiligenstedten[\/vc_column_text][\/vc_column_inner][vc_column_inner width=&#8220;1\/2&#8243; offset=&#8220;vc_col-lg-6 vc_col-md-6&#8243;][\/vc_column_inner][\/vc_row_inner][vc_row_inner][vc_column_inner width=&#8220;1\/2&#8243; offset=&#8220;vc_col-lg-6 vc_col-md-6&#8243;][vc_column_text]Email<br \/>\ninfo@haupthoff.de[\/vc_column_text][vc_column_text]Internet<br \/>\nwww.haupthoff.de[\/vc_column_text][\/vc_column_inner][vc_column_inner width=&#8220;1\/2&#8243; offset=&#8220;vc_col-lg-6 vc_col-md-6&#8243;][vc_column_text]Telefon Zentrale<br \/>\n04821 \/ 175 &#8211; 0[\/vc_column_text][vc_column_text]Telefax Zentrale<br \/>\n04821 \/ 175 &#8211; 400[\/vc_column_text][\/vc_column_inner][\/vc_row_inner][vc_row_inner disable_element=&#8220;yes&#8220;][vc_column_inner width=&#8220;1\/2&#8243; offset=&#8220;vc_col-lg-4 vc_col-md-6&#8243;][vc_column_text]Anschrift<br \/>\nJuliankadamm 20<br \/>\n25524 Heiligenstedten[\/vc_column_text][\/vc_column_inner][vc_column_inner width=&#8220;1\/2&#8243; offset=&#8220;vc_col-lg-4 vc_col-md-6&#8243;][vc_column_text]Email<br \/>\ninfo@haupthoff.de[\/vc_column_text][vc_column_text]Internet<br \/>\nwww.haupthoff.de[\/vc_column_text][\/vc_column_inner][vc_column_inner width=&#8220;1\/2&#8243; offset=&#8220;vc_col-lg-4 vc_col-md-6&#8243;][vc_column_text]Telefon Zentrale<br \/>\n04821 \/ 175 &#8211; 0[\/vc_column_text][vc_column_text]Telefax Zentrale<br \/>\n04821 \/ 175 &#8211; 400[\/vc_column_text][\/vc_column_inner][\/vc_row_inner][\/vc_column][vc_column css=&#8220;.vc_custom_1676465975540{margin-top: 0px !important;margin-right: 0px !important;margin-bottom: 0px !important;margin-left: 0px !important;padding-top: 0px !important;padding-right: 0px !important;padding-bottom: 0px !important;padding-left: 0px !important;}&#8220; offset=&#8220;vc_col-lg-4 vc_col-md-12&#8243;][vc_column_text]<\/p>\n<h3>Abteilungen<\/h3>\n<p>[\/vc_column_text][vc_row_inner][vc_column_inner width=&#8220;1\/2&#8243; offset=&#8220;vc_col-lg-6 vc_col-md-6&#8243;][vc_column_text]Baustoffe<br \/>\n04821 \/ 175 &#8211; 000<br \/>\nbaustoffe@haupthoff.de[\/vc_column_text][vc_column_text]Bauelemente<br \/>\n04821 \/ 175 &#8211; 000<br \/>\nbauelemente@haupthoff.de[\/vc_column_text][vc_column_text]Bedachung<br \/>\n04821 \/ 175 &#8211; 000<br \/>\nbedachung@haupthoff.de[\/vc_column_text][\/vc_column_inner][vc_column_inner width=&#8220;1\/2&#8243; offset=&#8220;vc_col-lg-6 vc_col-md-6&#8243;][vc_column_text]Bodenbel\u00e4ge und Fliesen<br \/>\n04821 \/ 175 &#8211; 000<br \/>\nfliesen@haupthoff.de[\/vc_column_text][vc_column_text]Holz und Holzwerkstoffe<br \/>\n04821 \/ 175 &#8211; 000<br \/>\nholz@haupthoff.de[\/vc_column_text][vc_column_text]Profi Shop<br \/>\n04821 \/ 175 &#8211; 000<br \/>\nprofishop@haupthoff.de[\/vc_column_text][\/vc_column_inner][\/vc_row_inner][\/vc_column][vc_column offset=&#8220;vc_col-lg-4 vc_col-md-12&#8243; css=&#8220;.vc_custom_1676465982700{margin-top: 0px !important;margin-right: 0px !important;margin-bottom: 0px !important;margin-left: 0px !important;padding-top: 0px !important;padding-right: 0px !important;padding-bottom: 0px !important;padding-left: 0px !important;}&#8220;][vc_column_text]<\/p>\n<h3>\u00d6ffnungszeiten<\/h3>\n<p>[\/vc_column_text][vc_row_inner][vc_column_inner width=&#8220;1\/2&#8243; offset=&#8220;vc_col-lg-6 vc_col-md-6&#8243;][vc_column_text]Baufachzentrum<br \/>\nMontag &#8211; Freitag<br \/>\n06.30 &#8211; 18.00 Uhr[\/vc_column_text][vc_column_text]Samstag<br \/>\n07.00 &#8211; 12.00 Uhr[\/vc_column_text][\/vc_column_inner][vc_column_inner width=&#8220;1\/2&#8243; offset=&#8220;vc_col-lg-6 vc_col-md-6&#8243;][vc_column_text]Ausstellungen<br \/>\nMontag &#8211; Freitag<br \/>\n06.30 &#8211; 18.00 Uhr[\/vc_column_text][vc_column_text]Samstag<br \/>\n07.00 &#8211; 14.00 Uhr[\/vc_column_text][\/vc_column_inner][\/vc_row_inner][\/vc_column][\/vc_row][vc_row][vc_column][vc_empty_space height=&#8220;100px&#8220;][\/vc_column][\/vc_row]<\/p>\n<\/div>","protected":false},"excerpt":{"rendered":"<p>[vc_row type=&#8220;vc_default&#8220; full_width=&#8220;stretch_row_content&#8220; full_height=&#8220;yes&#8220; columns_placement=&#8220;top&#8220; equal_height=&#8220;yes&#8220; content_placement=&#8220;top&#8220; css=&#8220;.vc_custom_1671554814211{margin-top: 0px !important;margin-right: 0px !important;margin-bottom: 0px !important;margin-left: 0px !important;border-top-width: 0px !important;border-right-width: 0px !important;border-bottom-width: 0px !important;border-left-width: 0px !important;padding-top: 0px !important;padding-right: 0px !important;padding-bottom: 0px !important;padding-left: 0px !important;background-image: url(https:\/\/www.haupthoff.de\/cms\/wp-content\/uploads\/2022\/12\/22_HH_Back_0033_2000_800.jpg?id=1436) !important;background-position: center !important;background-repeat: no-repeat !important;background-size: cover !important;}&#8220;][vc_column css=&#8220;.vc_custom_1669646477930{margin: 0px !important;padding: 0px !important;border: 0px initial !important;}&#8220;][vc_row_inner][vc_column_inner offset=&#8220;vc_hidden-xs&#8220;][vc_empty_space height=&#8220;50px&#8220; css=&#8220;.vc_custom_1669646979517{margin: 0px !important;padding: 0px !important;border:&hellip;<\/p>\n","protected":false},"author":1,"featured_media":0,"parent":0,"menu_order":900,"comment_status":"closed","ping_status":"closed","template":"","meta":{"footnotes":""},"class_list":["post-46","page","type-page","status-publish","hentry","description-off"],"_links":{"self":[{"href":"https:\/\/www.haupthoff.de\/cms\/wp-json\/wp\/v2\/pages\/46","targetHints":{"allow":["GET"]}}],"collection":[{"href":"https:\/\/www.haupthoff.de\/cms\/wp-json\/wp\/v2\/pages"}],"about":[{"href":"https:\/\/www.haupthoff.de\/cms\/wp-json\/wp\/v2\/types\/page"}],"author":[{"embeddable":true,"href":"https:\/\/www.haupthoff.de\/cms\/wp-json\/wp\/v2\/users\/1"}],"replies":[{"embeddable":true,"href":"https:\/\/www.haupthoff.de\/cms\/wp-json\/wp\/v2\/comments?post=46"}],"version-history":[{"count":67,"href":"https:\/\/www.haupthoff.de\/cms\/wp-json\/wp\/v2\/pages\/46\/revisions"}],"predecessor-version":[{"id":3415,"href":"https:\/\/www.haupthoff.de\/cms\/wp-json\/wp\/v2\/pages\/46\/revisions\/3415"}],"wp:attachment":[{"href":"https:\/\/www.haupthoff.de\/cms\/wp-json\/wp\/v2\/media?parent=46"}],"curies":[{"name":"wp","href":"https:\/\/api.w.org\/{rel}","templated":true}]}}